c(f) = f**2 - 6*f + 9. Let k be c(6). What is the greatest common divisor of k and 3?
3
Let b be 57/(3/1) + 1. Calculate the greatest common divisor of b and 160.
20
Let h be 503/3 - 17/(-51). Calculate the highest common divisor of 21 and h.
21
Let c = 0 - -3. Let f(m) = -2*m**3 + 2*m**2 + 2*m + 1. Let a be f(-2). Calculate the highest common divisor of a and c.
3
Suppose 24*u - 408 = -0*u. Let i be ((-2)/(-6))/((-1)/(-15)). Suppose i*j = v - 25 - 17, 2*j = 3*v - 61. Calculate the greatest common divisor of v and u.
17
Let w = -10 - -25. Suppose 0 = -5*o - 3*u + 20, 3*o + 10 - 46 = 3*u. Let g = o + 3. Calculate the highest common divisor of w and g.
5
Suppose -3*q + 127 = 2*m, -m = -2*q + m + 78. Suppose 4*b = -v + 35, 9*b = 4*b - 4*v + q. Calculate the highest common divisor of 1 and b.
1
Let j(t) = 6*t + 7. Let m be j(8). Suppose 0 = -3*q + 50 + m. Let z be 84/8*(-8)/(-6). What is the highest common divisor of z and q?
7
Let r = -25 + 32. What is the greatest common divisor of 63 and r?
7
Let g(s) = -s + 6. Let z be g(-4). What is the greatest common factor of 70 and z?
10
Suppose 66 = 2*o + 2*k + 2*k, 0 = -4*o + 2*k + 92. What is the greatest common factor of o and 225?
25
Let i(x) = x**3 + 7*x**2 - x - 5. Let v be i(-7). Suppose -v*u + 16 = -u. Let w = 14 - 10. Calculate the highest common divisor of w and u.
4
Suppose 4*w + 14 = 2*w. Let x(b) = b + 9. Let r be x(w). Let d be 267/12 + 2/(-8). Calculate the greatest common divisor of r and d.
2
Let d be 15*((4 - 7) + 4). Calculate the highest common factor of 10 and d.
5
Suppose 4*l - 5*r - 49 = 0, -2*l + 7*l - 4*r = 50. Calculate the greatest common divisor of 6 and l.
6
Suppose 2*p + 0*p - 224 = 0. Suppose 0*v - 4*l = -4*v + 16, 0 = -2*v + 4*l + 12. Suppose v*y + 56 = 6*y. Calculate the greatest common divisor of p and y.
14
Suppose -36 = -4*g - 0*g. Let u be 0 - (-4 + 7)*-2. Suppose 0 = -u*r + 593 - 107. What is the highest common factor of g and r?
9
Let y(x) be the second derivative of x**3/6 + 5*x**2/2 - 3*x. Let q be y(-3). What is the highest common divisor of 5 and q?
1
Suppose 3*n = 4*r + n - 350, -2*r + 4*n + 172 = 0. What is the greatest common factor of r and 8?
8
Let v be (-2)/(-4) + 4102/28. What is the highest common divisor of 21 and v?
21
Let r(y) = y**3 - 5*y**2 + 2*y - 5. Suppose -7 = 3*m + 8, 3*s = 3*m + 30. Let a be r(s). Calculate the greatest common factor of 2 and a.
1
Suppose 2*m - m = -59. Let w = m + 99. What is the highest common factor of w and 16?
8
Let i be (-314)/(-8) - (-1)/(-4). Suppose 0*m = -3*m + i. Calculate the highest common divisor of 143 and m.
13
Let l(a) = -a**3 + 3*a**2 - 2*a + 3. Let m be l(2). Suppose x = m*x - 8. What is the highest common factor of 4 and x?
4
Suppose -2 = 2*m + 2*n - 26, -4*n = -5*m + 42. Calculate the greatest common divisor of 2 and m.
2
Let q = -60 + 116. Suppose 18 = -c - 3*x, 0 = -5*x + 20 - 5. Let g = -19 - c. Calculate the greatest common factor of g and q.
8
Let b(f) = f + 10. Let y be b(-7). Suppose y*m + 75 = 8*m. Calculate the greatest common divisor of 5 and m.
5
Suppose -f = -6*f + 60. Let k = 113 - 5. Calculate the greatest common divisor of f and k.
12
Let l = 62 - 41. Suppose 93 = -c + l. Let o = -39 - c. What is the highest common factor of o and 22?
11
Suppose 18 + 14 = 4*j. Calculate the highest common factor of 4 and j.
4
Suppose -3*y - 3*o + 53 = 2*o, -3*o = y - 19. Suppose 8 = 3*g - y. Let a be 4 - -85 - (-1 + 2). What is the greatest common factor of a and g?
8
Suppose -4*t = t - 855. Let o = 89 - 47. Let r = o - 23. What is the highest common divisor of t and r?
19
Let d be ((-3)/3)/((-1)/125). Let u(k) = k**3 - k**2 - k + 50. Let s be u(0). Calculate the greatest common divisor of s and d.
25
Let q be 2 - (1 - (-1 + 0)). Let t = 4 + q. Suppose 4*z - 4*a - 48 = a, t*z + 4*a - 48 = 0. What is the greatest common divisor of 30 and z?
6
Let l = 8 - -16. Suppose 2*k = -0*k - 3*p + 6, -5*k + 15 = 2*p. Calculate the greatest common factor of l and k.
3
Let c = -18 + 38. What is the highest common factor of c and 2?
2
Suppose 4*z + 0*z = v - 20, 2*z - 74 = -3*v. Calculate the highest common factor of v and 8.
8
Let h(r) = -5*r**3 - 4*r**2 - 9*r - 9. Let d be h(-3). What is the greatest common divisor of d and 13?
13
Let s(m) = 7*m + 106. Let z be s(-13). Suppose 2*r - 819 = 5*r. Let l = -168 - r. Calculate the greatest common factor of z and l.
15
Let u be 41 + (-1)/2*-2. Let a be 12/(-9)*u/(-4). Calculate the greatest common factor of a and 35.
7
Let y = -3 - -10. Suppose -y = 3*g - 97. Suppose -3*z - n + 72 = -4*n, 2*n + 108 = 5*z. Calculate the greatest common divisor of z and g.
10
Let x(w) = w + 19. Let d be x(-9). Suppose 0 = 5*j + 5, -s + 27 - d = -2*j. Let c = -5 - -10. What is the greatest common factor of c and s?
5
Let a(h) = 6*h**2 - 3*h. Let i be a(2). Suppose -9*g = -12*g + 54. Calculate the highest common divisor of i and g.
18
Let i = -12 - -3. Let o = i - -5. Let q(m) = -m**3 - 4*m**2 + 2. Let f be q(o). What is the highest common factor of f and 3?
1
Let w = -2 - -3. Let u be (w/(-3))/((-1)/24). Calculate the greatest common factor of 88 and u.
8
Let v = -10 - -26. Let s = -1 + 4. Suppose -s*w = -4*y - 1 - 0, 0 = -5*y - 5*w + 25. Calculate the greatest common divisor of y and v.
2
Let a(m) = -m + 1. Suppose -l + 0*l + 16 = -4*u, 0 = 4*u - 2*l + 12. Let i be a(u). What is the greatest common divisor of 66 and i?
6
Let z(o) = -o. Let y be z(-2). Let n be -3 + y/((-2)/(-3)). Suppose -4*g + 36 = -n*g. What is the highest common divisor of 3 and g?
3
Let p = 13 + -7. Suppose -110 = -p*g + g. What is the greatest common divisor of 2 and g?
2
Suppose 4*l = -5 - 7, 2*l - 18 = -4*p. What is the greatest common factor of p and 1?
1
Let p be (-2 + 1 + 1)/(-1). Let k be 63/7 - (3 + p). What is the greatest common divisor of 2 and k?
2
Suppose -3*c = -4*c + 55. What is the highest common divisor of 5 and c?
5
Suppose 1 = 2*h - 5. Suppose -h*z + 6*z - 18 = 0. Calculate the greatest common factor of z and 18.
6
Let m = 1 + 10. Let d = m - -1. What is the highest common factor of d and 6?
6
Let b = -10 - -30. Let s be (b/3)/((-2)/(-3)). Calculate the highest common divisor of s and 10.
10
Suppose -5 = i, 2*f - i - 14 = -f. Suppose 4*z + a - 76 = f*a, 2*z = -3*a + 30. Calculate the highest common factor of z and 2.
2
Suppose 0 = -o + 1 + 1. Suppose -q + 120 - 31 = 5*i, -4*q + o*i = -400. Let x = 16 - 5. Calculate the greatest common factor of x and q.
11
Let a(p) = -p**3 + 7*p**2 - 2*p + 8. Let z be a(7). Let g be 3*12*z/(-12). Calculate the highest common factor of 198 and g.
18
Let n = 27 - 25. Calculate the highest common divisor of 3 and n.
1
Suppose -3*u + 36 = -204. What is the highest common factor of 10 and u?
10
Let w be (2/6)/((-4)/(-12)). Let b be 0 + 1/w + -3. Let c be (3/4)/(b/(-64)). What is the greatest common factor of 6 and c?
6
Suppose 3*z - 7*z = b - 28, -b + z = -3. Suppose 2*d - r = 23, 0 = -3*d + d + 4*r + b. Suppose -3*m = -5*m + 70. What is the highest common divisor of m and d?
7
Suppose -3*u + 5*d = -0*d - 19, 2*d = -4. Let g(b) = -22*b - 1. Let j be g(-1). What is the highest common factor of u and j?
3
Let j(g) = g**2 + g - 7. Let r be j(0). Let z(c) = c + 15. Let s be z(r). What is the highest common divisor of s and 4?
4
Suppose 84 = x + x. Let y(d) = -d**2 + 105. Let h be y(0). What is the highest common factor of h and x?
21
Suppose s + 4 = 2*s. Let n be (s/2)/(6/(-12)). Let d be (-1)/(-4) + (-79)/n. What is the highest common factor of 160 and d?
20
Let z(n) = -n**3 - n**2 + n + 6. Let t be z(0). Let l be ((-7)/(-14))/((-2)/(-8)). Suppose 240 = t*r - l*r. Calculate the highest common factor of r and 6.
6
Let m be (36/(-42))/(6/(-28)). What is the highest common divisor of 10 and m?
2
Let v(t) = t**3 + t**2 - 3*t - 2. Let y be v(-2). Let s be 25 + y - (-18)/(-6). What is the highest common factor of s and 66?
22
Let t = 2 - 2. Suppose t = j - 2*y + 4, 2*y = 2*j - y + 3. Let i be 2300/35 + (-4)/(-14). What is the greatest common divisor of j and i?
6
Suppose 4*m - m - w = -21, -5*m + w - 33 = 0. Let u be (-56)/(-10) - m/15. What is the highest common divisor of u and 30?
6
Let c = -16 + 24. Suppose -f = 5*a - 61 - 63, 0 = 4*a - 5*f - 76. Calculate the greatest common div